0, -707 = -5*z - 4*n + j. What is the highest common divisor of d and z?
29
Suppose 6*q + 22 = 10. Let t be (3 - 1)/((q - -1)/(-6)). Let r be (-1 + -5)*((-104)/t + 4). What is the highest common factor of r and 42?
14
Suppose 120 = -0*l + 3*l. Suppose 4*r + l = 5*j, -2*r + 11 - 1 = 0. What is the greatest common divisor of j and 30?
6
Suppose 0 = 257*u + 155*u - 176748. Calculate the greatest common factor of u and 132.
33
Suppose 63*r - 18*r = 44479 + 21086. Calculate the greatest common factor of r and 31.
31
Suppose 6*v - 208 = -2*v. Suppose -21*t = -v*t + 155. What is the highest common factor of 186 and t?
31
Let j be 495 + (32/(-14) - (-20)/70). Suppose -5*l + 2778 = c, -3*c = 2*l - 626 - j. Calculate the highest common divisor of l and 15.
15
Suppose -15*c = -22*c + 35. Let s be (c + -3)/(2/68). Suppose 142 = 3*h + 2*o, -2*h + 0*o + 4*o = -s. What is the greatest common divisor of h and 4?
4
Let w(c) = -8*c**3 - c - 1. Let x be w(-1). Let t be (3 - (-6)/2)*141/6. Let n = t + -69. What is the highest common divisor of n and x?
8
Suppose -50 = -138*l + 113*l. Suppose 2*b = -l*r + 232, 8*b = 7*b + 4*r + 131. Calculate the greatest common divisor of 14 and b.
7
Let m(g) = 31*g + 74. Let j(z) = 46*z + 111. Let r(p) = -5*j(p) + 7*m(p). Let k be r(-5). What is the greatest common factor of 308 and k?
28
Let r(g) = 20*g + 40. Let z be r(4). Let y = z + -68. Suppose -2*l = -4*l - 2*t + 14, -y = -4*l + 4*t. What is the greatest common factor of 240 and l?
10
Suppose 0 = -59*r + 54*r - j + 1955, -5*r + 1965 = -j. What is the greatest common factor of 147 and r?
49
Let x = 54998 + -32561. Calculate the highest common factor of x and 81.
81
Suppose -4*c = 8*c - 48. Suppose -3*n + 36 = 3*x, -n - 54 = -c*x + 4. What is the highest common divisor of 56 and x?
14
Let t be 37*4*235/(-94)*(-56)/20. Calculate the highest common factor of 1924 and t.
148
Let o(h) = -32*h - 740. Let t be o(-25). Calculate the greatest common divisor of 80 and t.
20
Let p = -7275 + 12236. What is the highest common factor of p and 164?
41
Suppose 0 = 11*h - 4174 + 610. Calculate the highest common factor of 1188 and h.
108
Let s(w) = w**2 + 21*w + 174. Let g be s(-19). Let r = 164 + g. What is the greatest common divisor of 24 and r?
12
Let h(q) = -2*q**3 + 45*q**2 - 26*q - 10. Let v be h(20). Calculate the greatest common divisor of 1110 and v.
30
Let k = 16 - -2. Let n = -141502 + 141518. What is the highest common factor of k and n?
2
Let n(o) = -86*o + 1487. Let x be n(-26). What is the highest common factor of x and 102?
51
Suppose 3*a + 6*p - 72 = 9*p, 0 = -5*p + 30. Let m = 4 - 0. Let y be (-58)/(-5) - m/(-10). What is the greatest common factor of y and a?
6
Let t(f) = -243*f - 152. Let u be t(-7). What is the greatest common factor of u and 1?
1
Suppose 0 = -f + 4*z + 8 - 4, 68 = -3*f - 4*z. Let v be 8/f*65*(-2 + -4). What is the greatest common factor of 15 and v?
15
Let k = -5555 + 5722. What is the highest common factor of 8183 and k?
167
Let u(d) = 29*d - 159. Let z be u(15). Let x = 286 - z. Let k be (-8)/20 + (-402)/(-5). What is the highest common factor of k and x?
10
Suppose 91016 - 59815 + 456479 = 127*o. What is the greatest common factor of o and 360?
120
Suppose 2*x + 673*h - 669*h = 244, 5*x + h = 628. Suppose -3*l - 7 = -49. What is the greatest common factor of l and x?
14
Let o(s) = s**2 - 3*s + 4. Let j be o(4). Suppose 3708 = 96*b + 252. Calculate the highest common factor of b and j.
4
Suppose -4*s + 4*q = -192, 135 = 4*s - 3*q - 59. Let k = s + -2. Let p(l) = 8*l**2 - 3*l + 4. Let y be p(4). What is the greatest common factor of y and k?
24
Let b be (-21)/(21/(-7)) - (1*-102)/6. What is the greatest common divisor of 4314 and b?
6
Let d be (-11 + -9 + 6726)*(-1 + (-6)/(-4)). What is the highest common factor of 14 and d?
7
Suppose -5*a = q - 525, 124 = 2*a + 130. What is the highest common factor of q and 2268?
108
Let o(j) = 20*j**2 + 70*j + 16. Let t be o(-4). Let d(z) = -6*z + 10. Let k be d(-5). What is the highest common divisor of k and t?
8
Let f = 520 + -503. Suppose -f*s + 1036 = -1565. Calculate the greatest common divisor of s and 51.
51
Let f(q) = -q**3 + q**2 + 51*q - 53. Let k be f(7). What is the greatest common factor of 14390 and k?
10
Let i(f) = f**3 - 6*f**2 - 2*f + 14. Let j be i(6). Let z be (j/1)/(8/36). What is the greatest common factor of z and 33?
3
Let g = -239 - -135. Let k = -104 - g. Suppose 5*c = 4*v + 75, k - 19 = -4*c - 5*v. Calculate the highest common factor of c and 187.
11
Let g = -4598 + 4660. Calculate the greatest common factor of g and 1333.
31
Suppose -862*l + 416*l + 428*l = -468. What is the greatest common divisor of 6799 and l?
13
Suppose 4*h - o - 15 = 0, 3*o - 25 = -2*h - 0*o. Suppose 0*c = h*c - 20. Let q be c/(-10) - ((-12663)/45 - -6). What is the greatest common factor of 25 and q?
25
Let a be (-1718)/(-66) - (-413)/(-13629). Let g = 54 - -11. Calculate the highest common factor of a and g.
13
Let k = 4062 - 3866. What is the highest common factor of k and 1813?
49
Let m be (-816)/(-9) + (-2)/3. Suppose 3*d - 3*i = 279, -3*d + 2*d - i = -91. Let j = 128 - d. What is the highest common factor of j and m?
18
Let y = 11289 + -2871. What is the highest common divisor of y and 138?
138
Let k be 3809/7 - 7/49. Let s = k + -4. Calculate the greatest common factor of s and 20.
20
Suppose 71*n = -2*k + 74*n + 1042, 3*n + 6 = 0. Calculate the greatest common divisor of k and 370.
74
Let l = 2 + -6. Let t be 1/((-2)/(-4))*(-358)/l. Suppose t*u = 181*u - 102. What is the greatest common divisor of 561 and u?
51
Let q(z) = -z**2 - 241*z - 6458. Let s be q(-190). Calculate the greatest common factor of 6 and s.
2
Suppose -400 = 18*l - 26*l. What is the greatest common factor of l and 2525?
25
Let n be (-4 - (-9)/2)/(548/(-184) - -3). Calculate the highest common divisor of n and 1357.
23
Let u(a) = 89*a - 88. Let y be u(13). Suppose -16*m = -131 - y. What is the greatest common factor of 825 and m?
75
Let i(p) = 77*p**2 + 132*p - 129. Let h be i(1). Calculate the greatest common divisor of h and 10.
10
Suppose 15 = -5*a + 6*a. Let m be ((-24)/28)/((-4)/14). Suppose 5*q - 600 = -2*n, m*q - n = 4*q - 120. What is the greatest common divisor of q and a?
15
Suppose -6 = -8*k + 10. Let v be (40/(-12) - -5)*(44 - k). Calculate the greatest common divisor of v and 245.
35
Let s(b) = 59*b**2 + 19*b + 33. Let a be s(-2). What is the highest common divisor of a and 154?
77
Let v = 11 + -9. Suppose -5*x - 9 = -l, 2*l = 4*l + 2. Let i be x/(v/(-113)) + -1. Calculate the greatest common divisor of 16 and i.
16
Let l = -10559 - -10783. Calculate the highest common factor of l and 1372.
28
Let u be ((-850)/(0 + 10))/((-3)/39). Calculate the highest common divisor of u and 935.
85
Let z be (-2)/(-9) - (-43)/9. Suppose 0 = 36699*l - 36656*l - 2365. Calculate the highest common divisor of l and z.
5
Suppose -3803 + 4024 = 17*r. Calculate the highest common factor of 25 and r.
1
Let y be -8*(-1)/2 + (2 - -1). Let l(t) = t**3 - 7*t**2 + 3*t - 12. Let s be l(y). Calculate the highest common factor of 81 and s.
9
Suppose 108*v - 3*q - 5612 = 103*v, 2*v = 2*q + 2248. What is the greatest common divisor of 56 and v?
56
Let i(k) = 44*k**2 + k + 2. Let r be i(2). Suppose -185*q + 235*q - 1770 = 1830. What is the highest common factor of r and q?
36
Let n be (20/25)/((-84)/(-10395)). Let a be 330/8*4/1. Calculate the greatest common divisor of a and n.
33
Suppose 0 = -3*x - 2*f + 66, 1135*x - 4*f - 22 = 1134*x. Let u(j) = 44*j. Let o be u(2). What is the greatest common divisor of x and o?
22
Suppose 5543 = -10*k + 45683. What is the greatest common divisor of k and 9?
9
Suppose -720 = -45*t + 40*t. Let f be (4/(-5))/((-2)/40). What is the highest common factor of f and t?
16
Suppose -3*w + 65 = -0*w + 5*q, -5*w = q - 145. Suppose -2*p + 6 - 10 = -4*o, -3*p = -3*o + 18. Let k = 10 - p. What is the highest common factor of w and k?
10
Let m be 19*(-2 + -6)*1764/(-504). What is the greatest common factor of m and 8?
4
Suppose -5*l = -5*x - 2815, -2*x - 1126 = 17*l - 14*l. Let a = x - -614. Calculate the greatest common divisor of 17 and a.
17
Let t(y) = -y**3 + 27*y**2 + 36*y - 200. Let v be t(28). What is the greatest common factor